 1/4*u**4 - u**2 - 1/20*u**5. Calculate f(-3).
-2
Suppose -3*q = -4*v - 18, 5*q - 13 = -3*v + 4*v. Let h(y) = 3*y - 3. What is h(v)?
-12
Let b(l) = -l. Let m = 95 - 91. Let o(n) be the second derivative of -n**3/3 + n**2 + n. Let i be o(m). Determine b(i).
6
Suppose -4*r + 4*g + 39 = -29, 2*g - 46 = -3*r. Let s(z) = -5*z + 15 - r + 4*z. Give s(0).
-1
Suppose 3*z - 8*z = -10. Suppose 0*x = 4*x - 12. Let k(y) = -x*y - 3*y + 5*y + z. Determine k(-4).
6
Let u(j) = -10*j**3 + 18*j**2 + 10*j + 1. Let y(b) = -7*b**3 + 12*b**2 + 7*b + 1. Let n(m) = -5*u(m) + 7*y(m). Give n(6).
-4
Let v(g) = 2*g - 3*g + 31 - 36. Calculate v(-3).
-2
Let j(t) be the second derivative of t**5/20 - t**4/2 + t**3/6 + t**2 - 5*t. Give j(5).
-18
Let n be ((-1)/(-3))/((-2)/(-6)). Let t(q) = -33*q**3 + 11*q**2 + 8*q + 8. Let r(g) = -22*g**3 + 7*g**2 + 5*g + 5. Let d(y) = -8*r(y) + 5*t(y). Calculate d(n).
10
Let w be ((-4)/(-8) + 1)*(-30)/9. Let j(o) = -o + 1. Calculate j(w).
6
Let y be (-1)/(-2)*12/3. Let q be 7/(-28) - 9/(-4). Let t(g) = 0 + 2*g + y - 8*g + 4 - g**q. Calculate t(-5).
11
Let o(k) = k**3 - 5*k**2 + k + 4. Let u(c) = 2*c - 13. Let n be u(9). Suppose 16 = 4*i, -n*s + 2*i + i = -8. Calculate o(s).
-8
Let l(m) be the third derivative of m**4/24 + m**3 - 3*m**2. Let y be l(-7). Let d = y + -3. Let q(g) = -g**2 - 3*g + 3. Determine q(d).
-1
Let k(v) = -v**2 + 9*v - 13. Let j be k(7). Let n(o) = 14*o**2. Determine n(j).
14
Let d(p) = 3*p**2 - 8*p + 3. Let z(i) = 2*i**2 - 5*i + 2. Let m(y) = -5*d(y) + 8*z(y). Give m(-2).
5
Let g(z) = z**3 + 2*z**2 - 3*z + 3. Let w(t) = t**2 + 18*t + 74. Let h be w(-7). Determine g(h).
3
Let d(q) = -2*q**3 - 15*q**2 - 4*q - 19. Let b(j) = j**3 + 7*j**2 + 2*j + 9. Let c(z) = -5*b(z) - 2*d(z). Determine c(-5).
3
Let p(x) be the third derivative of x**7/2520 - 7*x**6/720 + x**5/20 + x**4/6 + x**2. Let g(r) be the second derivative of p(r). Determine g(5).
-4
Let a(u) = -u**3 - 6*u**2 - 5*u + 7. Let g = 10 - 15. Calculate a(g).
7
Let s(g) = -g**2 - 9*g - 3. Let w be s(-6). Let f be (2 - w/6)*-6. Let a(c) = c**2 + 0*c + 3 - f*c + 5*c**3 - 4*c**3. Determine a(2).
9
Let j(i) = -4*i**3 - 9*i**2 + 7*i - 5. Let s(l) = -l**3 - 2*l**2 + 2*l - 1. Let u(g) = 2*j(g) - 9*s(g). Suppose -5*f = -3*f + 6. Calculate u(f).
-16
Let s(f) = -f + 3. Let x be s(0). Let k(j) be the first derivative of 1 + 2*j - 1/2*j**2. Calculate k(x).
-1
Suppose 3*z = 4 - 13. Let l be (-3 - -2)*6/z. Let y(b) = -b - b - b**l - 2 + 4*b**2. Determine y(2).
6
Let o(l) = -l**2 - 5*l + 10. Let v be o(-6). Let z(g) be the third derivative of 2*g**2 + 3/8*g**v + 1/6*g**3 + 0*g + 0. Calculate z(-1).
-8
Let x(k) = -k**2 + 4*k + 3. Let l be x(5). Let z = 1 + l. Let h(m) = -1914*m**2 - m - 1 + 1915*m**2 + m. Determine h(z).
0
Let u(a) be the first derivative of a**6/180 + a**5/60 + a**4/8 + a**3/3 + 2. Let c(n) be the third derivative of u(n). Give c(-2).
7
Let h be (-2)/(-8) - 39/12. Let f(c) = -2*c - 6. Let y be f(-4). Let b(x) = 2*x - x**2 + y - 3*x - 2*x + 2*x. Give b(h).
-4
Let l(f) be the third derivative of -f**5/60 + f**3/3 + f**2. Suppose -3*v + 2*w = -14 - 8, 3*v + 5*w = -13. Suppose 0 = 2*a - 0*a - v. Give l(a).
-2
Let q(b) = -3 + 8 + b + b**2 - 2*b**2 - 9. Let l(g) = -g + 3. Let z(s) = -3*l(s) - 2*q(s). Determine z(-2).
5
Let x(a) = -3*a + 0*a + 4 - 8 + 1. Let v = -2 - 2. Determine x(v).
9
Suppose 2*g + g - 6 = 0. Suppose 0 = g*k - 7*k + 25, -4*t = k - 13. Let j(p) = -2*p**2 + 0 - 4*p + p + 2*p + 1. Determine j(t).
-9
Suppose -5*o + 6 = -2*o. Let t be (-2 - o)*(-3)/4. Suppose -t*b - b = -16. Let q(d) = -d**2 + 5*d - 6. What is q(b)?
-2
Let z(h) be the first derivative of 5*h**4/4 - 2*h**3/3 + h**2/2 + 1. Suppose 0 = 2*m + 5*j - 33, 5*m - j = 4*m + 6. Let l = m - 8. What is z(l)?
4
Let q(a) = -3*a**2 - 11*a + 18. Let z(h) = h**2 + 4*h - 6. Let t(y) = -3*q(y) - 8*z(y). What is t(0)?
-6
Let c(g) be the second derivative of -g**5/5 - g**4/12 - g**3/6 - 2*g. Suppose -6*i + 12 = -2*i. Suppose i*w = -w - 4. Give c(w).
4
Let c(b) = -2*b + 1. Let z(v) = -v - 2. Let f be z(-5). Suppose -o - 4 = -f*j, -9 - 1 = -4*j - o. Let t(d) = d**3 - 4*d**2 + 3*d. Let w be t(j). Give c(w).
5
Let m(i) = -i**3 + 3*i**2 + 3*i + 3. Let j = -38 + 36. Calculate m(j).
17
Let a = -8 - -3. Let o(f) be the first derivative of -1 + 1/2*f**2 - 5/3*f**3 + f - 1/4*f**4. What is o(a)?
-4
Let f(m) = -m + 8. Suppose -29 = -5*y + 4*w - 5*w, 3*w = -2*y + 22. What is f(y)?
3
Let s be -4*2/(-4) + 1. Let r(c) = -2*c. Let i(y) = 6*y - 1. Let v(k) = 3*i(k) + 8*r(k). Let p be v(s). Let w(z) = -3*z + 2. What is w(p)?
-7
Let d = -20 + 16. Let k be (d/8)/((-3)/(-6)). Let v(z) = 2*z**2 + 2*z + 1. What is v(k)?
1
Suppose k + a + 3*a = 0, 0 = -3*k + a. Let f(v) = 11*v**3 - 8*v**2 + 3*v + 1. Let u(b) = -4*b**3 + 3*b**2 - b. Let s(h) = 3*f(h) + 8*u(h). Give s(k).
3
Let r(j) be the first derivative of 1 - 1/2*j**3 + 1/20*j**5 + 1/3*j**4 - 3*j**2 - j. Let q(x) be the first derivative of r(x). What is q(-4)?
6
Suppose -2 = -q - a - 11, 0 = 4*q - a + 11. Let d(v) = 1 + 4*v - 2*v + 3. Calculate d(q).
-4
Let k = 0 - -1. Let r(x) = -7*x + 6*x**2 - 7*x**2 + 1 + 5*x + x. Calculate r(k).
-1
Let v(c) = -c**2 + 4*c + 1. Suppose 3*l - 29 = 4*z, -4*l = l - 5*z - 40. What is v(l)?
4
Let n = 17 - 8. Suppose n = 4*x - 3. Let o(u) = 2*u. Calculate o(x).
6
Suppose 3*s - 17 = -2*h + 5, -s = h - 10. Let n = h - 3. Let i(z) = z**3 - 5*z**2 + z - 6. Calculate i(n).
-1
Let p(o) = -2*o + 14*o - 10*o - 4*o**2 + 3 - o**3 - 1. Give p(-2).
-10
Suppose -2*a + 11 = 5. Let t(i) = 3 + i - a. Let d(v) = -2*v**2 + 4*v - 3. Let p be d(2). Determine t(p).
-3
Let b = 1 - 0. Let n be (2 - 0 - b)*3. Let i = 8 - n. Let c(s) = 2*s - 5. What is c(i)?
5
Let j(l) = l**2 - 2*l + 3. Let q(d) = -d**2 + 2*d - 3. Let y(k) = 5*j(k) + 4*q(k). Calculate y(2).
3
Let r(d) be the second derivative of d**5/20 - d**2 - d. Suppose -3*y + 2 = 2*a + 8, 2*a = 2*y - 6. Determine r(y).
-2
Let f be (96/(-18) + 5)*0. Let l(g) = g + 6. What is l(f)?
6
Suppose 3*j = -114 + 9. Let l be -1*5*21/j. Let o(p) = 1 + 9*p + 5*p**2 + 2*p**3 - 2*p**l + p**3 - 4*p. What is o(-4)?
-3
Let o(t) = 10*t**3 + 8*t**3 + 1 + 4*t - 17*t**3 + 4*t**2. What is o(-4)?
-15
Let d(c) = -3*c - 2. Let q(o) = o**2 - 9*o - 10. Let y be q(11). Let x be 4/(-3)*18/y. What is d(x)?
4
Let s(g) = -g**3 + 7*g**2 - 6*g + 1. Let f be s(6). Suppose 2 = -2*r, -24 = -2*x - 5*r - f. Let m be 4/x - 10/(-14). Let d(j) = 8*j - 1. Calculate d(m).
7
Suppose 0 = 4*x + n + 11, -x = -3*x - 5*n - 1. Let k = 2 - x. Let z(p) be the first derivative of p**2 - 2*p - 7. Give z(k).
8
Suppose -p - 3 = -2*p. Suppose -4*n = 3 + 5, -p*j - 2*n = -11. Let q(b) = b - 5. Determine q(j).
0
Let c(s) = -7*s**2 + 2*s - 1. Let p be c(1). Let t(u) = 6*u - 6. Let l(j) = 6*j - 5. Let n(a) = p*l(a) + 5*t(a). Determine n(1).
-6
Let l(z) = -z**3 + 5*z**2 - 4*z + 3. Suppose 1 = -2*a + 5*q - 4, -a = -q - 2. Suppose -4*p = -a - 11. Determine l(p).
3
Let h be ((-4)/(-16))/((-3)/(-12)). Let i(m) = -m**2 + m - 1. Give i(h).
-1
Let u(k) = -k**2 + 6*k + 1. Let t be (-104)/(-10) - (-2)/(-5). Suppose 0 = -5*g + 3*j + 19, 2*g + 2*j - t - 4 = 0. Determine u(g).
6
Suppose 5*q = 3 + 12. Let j(t) = 1 + 2*t + 3 - q*t. Determine j(2).
2
Let q(s) = 11*s + 5. Let d(n) = -7*n - 3. Let i(l) = -8*d(l) - 5*q(l). Calculate i(4).
3
Let o = -25 - -29. Let v(q) = 4 - 1 - 6 + q. Determine v(o).
1
Let o(b) be the first derivative of b**3/3 - 5*b**2/2 + 3*b - 16. Suppose -3*t + 2*t + 4 = 0. What is o(t)?
-1
Let f = -6 + 8. Let k(b) = 6*b - 2*b + 0*b**2 + b**2 - f + b. Give k(-4).
-6
Let z = 8 + -5. Suppose 5*d + 26 = -l, d + z = 3*l - l. Let u(a) = 2*a + 2 - 1 + 0*a - a**2. Determine u(l).
-2
Let r(j) = 2*j**2 + 7*j**3 - 11*j**3 + 14*j**3 - j. Determine r(1).
11
Let p be (((-18)/15)/3)/((-2)/10). Let j(y) be the first derivative of -y - 2 + 1/2*y**2 - p*y**3. Give j(1).
-6
Let w = 51 + -45. Let r(v) = v**2 - 5*v - 3. Determine r(w).
3
Suppose -4*s - 31 = -3*s - 5*m, -4*s - 14 = 2*m. Let p(r) = -5*r**2 + 6*r - 14. Let f(x) = -4*x**2 + 5*x - 13. Let z(l) = s*f(l) + 5*p(l). Determine z(0).
8
Suppose -4*n = 5*b + 2, 0 = -5*n + 2*b + 11 + 3. Let d(c) = 0*c + c - 1 - n*c. Let r = 28 + -24. Calculate d(r).
-5
Suppose 0*q + 2 = -q. Let o(p) = -p**3 - p**2 + p + 1. Let y(z) = -3*z**3 - 3*z**2 + z + 4. Let r(i) = 